mmon factor of l and 2.
1
Let s be 7 - 12 - (-8 - -3). Suppose -5*a = -9 - 21. Suppose s = 2*v - a*v + 28. What is the highest common factor of v and 77?
7
Suppose -k + 109 - 74 = 0. Calculate the greatest common factor of k and 21.
7
Let k be (-41)/5*7/(-14)*10. What is the highest common divisor of 3403 and k?
41
Let y(l) = l**3 - 7*l**2 - 23*l - 18. Let b be 104/130*(-25)/(-2). Let r be y(b). Calculate the greatest common divisor of 13 and r.
13
Suppose 3*r - 3 = 2*r + l, -2*l - 10 = 2*r. Let q be (5 - 3) + (3 - r). Calculate the highest common factor of 48 and q.
6
Suppose 0 = 4*m + 2*k, 0 = -3*m + 2*k + 4 + 3. Let q be ((-12)/10)/(m/(-5)). Calculate the greatest common factor of 54 and q.
6
Suppose 5*a = 5, -18 = -5*t - 0*a + 2*a. Suppose 6*r = -3*p + 3*r + 168, r = t*p - 219. Calculate the highest common divisor of 22 and p.
11
Let z(r) = r**2 - 2. Let x be z(-2). Suppose -x*k + 33 = -21. Let c be ((-36)/(-5))/(18/45). What is the highest common divisor of c and k?
9
Let c be (-15 + 5)*6/15 + 74. Calculate the greatest common factor of c and 175.
35
Let f = 368 - 303. What is the greatest common factor of f and 104?
13
Let x be 2/1 + 11/((-22)/(-1402)). Calculate the greatest common divisor of x and 37.
37
Let a = -101 - -135. Suppose 5*w - 755 = 435. What is the highest common factor of w and a?
34
Let c be 3/(-4) + 2928/64. What is the highest common divisor of 10 and c?
5
Let r(t) = 8*t**3 + t**2 - t + 2. Let w be r(2). Let s = 45 - 29. Suppose -2*n - u = -s - 50, 5*u - 92 = -3*n. What is the greatest common divisor of n and w?
34
Let q = 1638 + -1610. What is the greatest common divisor of 63 and q?
7
Suppose 46 = 8*p - 138. Suppose 5*c - p = -u + 22, 5*u = 2*c - 45. Let i = -4 - -6. Calculate the highest common factor of c and i.
2
Suppose 4*q = 8, -3*p + 5*q - 634 = -6*p. What is the greatest common factor of p and 26?
26
Let j(q) = -37*q**2 - 123*q + 1. Let l be j(-2). What is the highest common factor of 180 and l?
9
Let t be 3 - (30 + (3 - 4)). Let m = t + 36. Suppose 0 = -n + 14 + m. Calculate the highest common divisor of n and 12.
12
Suppose 4*x + 3*u = -11, 0*x - 2*x + 2 = 4*u. Let r = x - -7. Suppose 2*c + r*c - 40 = 0. What is the highest common divisor of c and 25?
5
Let b be 14/(-3)*(-29)/((-116)/(-24)). What is the greatest common factor of 742 and b?
14
Let m be (-7)/2 + 1/(-2) + 4. Suppose 6*y - y - 3*q - 68 = m, 0 = 3*y - 4*q - 32. What is the greatest common divisor of 1 and y?
1
Suppose 0 = 4*g + 4*l - 3*l - 15, 5*g = -3*l + 17. Let y = -4 + 7. Suppose y*s - 9 = 5*w + 1, -6 = 4*w - 2*s. Calculate the highest common divisor of g and w.
1
Let i = 80 - 53. Let p be 738/27 - (-3)/(i/6). What is the highest common divisor of p and 98?
14
Let k be (0 - 10/4)*10032/(-660). Calculate the highest common factor of 95 and k.
19
Suppose 5*r - 63 = -4*h, 4*h + 3*r - 60 = -r. Suppose 0 = -4*b - 2*t + 40, -h = -2*b + 2*t - 5*t. What is the highest common factor of b and 9?
3
Suppose 0 = -4*t + 4*k + 1080, -2*t - 286 = -3*t + 5*k. Let q = 448 - t. What is the greatest common divisor of q and 26?
26
Let f = 35 + -24. Let k be (-56)/(-12)*(-3)/1. Let u = -13 - k. What is the highest common factor of u and f?
1
Let x(j) be the second derivative of 67*j**3/6 - 19*j**2/2 + 27*j. Let w be x(3). Calculate the highest common divisor of 26 and w.
26
Suppose 0 = -65*l + 60*l + 680. Let s be (2 + (5 - 1))*l/24. Calculate the highest common factor of s and 2.
2
Let x(w) = 2*w + 308. Let i be x(6). Calculate the greatest common divisor of 60 and i.
20
Suppose 0 = 5*w + d + 2*d - 706, -5*w = d - 712. Calculate the highest common divisor of w and 13.
13
Let p(v) = 3*v + 15. Let k be p(-8). Let f be 30/((1/6)/((-2)/k)). Calculate the highest common factor of f and 40.
40
Let g be 1/(-5 - (-960)/190). What is the greatest common factor of 15 and g?
1
Let g = -1 - -11. Let t be 1/2 + (-289)/2. Let a = 224 + t. What is the highest common divisor of a and g?
10
Let r = 32 + -140. Let h = 569 - 405. Let l = h + r. Calculate the greatest common divisor of l and 14.
14
Let g(i) = -2*i**3 - i + 3*i + 2 - 2*i**2 - i**3. Let z be g(-2). Let b = 3453 + -3425. What is the highest common divisor of b and z?
14
Let i be 3 + (-13 - (-5 + 0)) + 113. What is the highest common factor of 54 and i?
54
Let r be 890/55 + 18/(-99). Calculate the greatest common factor of 4 and r.
4
Let x be ((-6)/4)/((-2)/(-68)). Let l = 233 - 245. Let g be x*(-1 + (-8)/l). What is the highest common factor of 68 and g?
17
Let c be 11/((-121)/(-2552)) - 4. Calculate the greatest common divisor of c and 24.
12
Suppose -3*p - 12 = -7*p. Let m = p + -1. Let f be 0/m - (-280)/14. Calculate the highest common divisor of f and 220.
20
Let o(f) = f**3 + 7*f**2 - 1. Let g be o(-6). What is the highest common factor of 40 and g?
5
Let l be ((-78)/(-18))/(-4*(-1)/36). What is the highest common divisor of l and 26?
13
Let d(m) = -5*m - 3. Let n be d(-2). Suppose 57 = -2*s + n. Let o = 81 + s. What is the highest common divisor of o and 28?
28
Let d be 2/(-13) + 357/39. Suppose -4*o - 21 = -d. Let n be 4/o - (-125)/15. What is the highest common divisor of n and 21?
7
Let j = -120 - -173. Suppose -4*i + j = 3*u - 46, u = -2*i + 33. What is the highest common factor of 11 and u?
11
Suppose 1220 = i + 4*i. Calculate the highest common factor of i and 61.
61
Suppose 0 = 3*v + 2*k + 3*k - 3, -5*v + 5 = 4*k. Let y be v/(4 + 55/(-15)). Calculate the highest common factor of y and 21.
3
Suppose -93 = -4*o + 159. Let k = o - 55. Calculate the greatest common divisor of k and 72.
8
Let m = 50 - 41. What is the greatest common factor of 3 and m?
3
Let u be 4*((-325)/10)/(-13). What is the greatest common factor of u and 130?
10
Suppose 6*z + 21 = 9*z. Suppose 2*g - 25 = z*g. Let y be -1 + g/((-5)/91). What is the highest common factor of 15 and y?
15
Suppose 2*z - j = 1167, -j + 119 = z - 469. Calculate the highest common divisor of z and 13.
13
Suppose -3 = 3*k, 2*h - 113*k - 755 = -110*k. Calculate the highest common factor of 64 and h.
8
Let l = 10 + -8. Suppose -l*d = -d - 16. Suppose d = 2*b - t - 20, 4*t = 5*b - 87. Calculate the greatest common divisor of 133 and b.
19
Let h be 6/(-12) + 1/2. Suppose h = -3*j + 4*c + 62, 3*j = j + 4*c + 44. Let f = 30 + -12. Calculate the greatest common factor of j and f.
18
Let i(u) = 16*u - 48. Let q be i(8). What is the highest common factor of q and 60?
20
Let w be (-532)/57*162/(-21). Calculate the greatest common divisor of 16 and w.
8
Let u = 55 - -78. What is the highest common factor of 21 and u?
7
Suppose -6*d = -10*d + 152. Suppose 0 = f - 70 - d. Let y be 280/(-60)*f/(-14). What is the greatest common divisor of y and 24?
12
Suppose -3*o + 258 = -201. Calculate the greatest common divisor of o and 27.
9
Let k = 180 + -411. Let h = 420 + k. Let g = -4059 + 4080. Calculate the highest common factor of g and h.
21
Let w(h) = 31*h + 1. Let r be w(1). What is the greatest common factor of r and 400?
16
Suppose 186*t + 196 = 1684. Let y be 18 - (1 + -2 - -3). What is the highest common factor of y and t?
8
Let h be 1*(4 - 10 - -23). What is the greatest common divisor of h and 697?
17
Suppose g - 17 = -3*i, 4*g + 8 + 8 = 0. What is the highest common factor of 21 and i?
7
Suppose 3*x = 5*u - 1083, -4*x = 3*u - 632 - 12. What is the highest common factor of u and 522?
18
Let c(i) = -941*i - 586. Let z be c(-4). Calculate the highest common divisor of z and 14.
14
Let g(j) = -j**3 + 12*j**2 - 16*j - 4. Let t be g(9). Calculate the highest common divisor of t and 19.
19
Let d(j) = -j**3 + 11*j**2 - 10*j + 11. Let i be d(10). Let b be -2 + 51 - (12 + -18). Calculate the greatest common factor of b and i.
11
Let w = 12 - 9. Let h be (1 + -4)*1/w. Let m be h/3 - (-1048)/12. Calculate the highest common factor of 29 and m.
29
Let h(t) = 2*t - 7. Let k be h(5). Suppose 2*l + 27 = j, 0 = j + k*l - 0*l - 2. Calculate the greatest common factor of j and 187.
17
Suppose -4*r + 2*r = 6. Let y be r*(-1 + (-12)/(-9)). Let f = y + 11. Calculate the greatest common divisor of 110 and f.
10
Let o(i) = -8*i - 18. Suppose -4*w + 9*w = -5*h - 25, -7 = w - h. Let y be o(w). What is the highest common divisor of 240 and y?
30
Suppose 0 = 2*s + 2*s + 5*m - 41, -2*s - 12 = -4*m